hat are the prime factors of 45905?
5, 9181
List the prime factors of 1271.
31, 41
What are the prime factors of 18005?
5, 13, 277
What are the prime factors of 12196?
2, 3049
List the prime factors of 946.
2, 11, 43
What are the prime factors of 996?
2, 3, 83
What are the prime factors of 19158?
2, 3, 31, 103
What are the prime factors of 9866?
2, 4933
What are the prime factors of 3786?
2, 3, 631
What are the prime factors of 2055?
3, 5, 137
List the prime factors of 1787.
1787
List the prime factors of 5448.
2, 3, 227
List the prime factors of 1875.
3, 5
List the prime factors of 85310.
2, 5, 19, 449
List the prime factors of 646.
2, 17, 19
What are the prime factors of 1654?
2, 827
What are the prime factors of 4931?
4931
List the prime factors of 17519.
17519
List the prime factors of 75.
3, 5
List the prime factors of 4428.
2, 3, 41
List the prime factors of 92959.
92959
What are the prime factors of 80146?
2, 11, 3643
What are the prime factors of 55036?
2, 13759
What are the prime factors of 1366?
2, 683
List the prime factors of 1179.
3, 131
List the prime factors of 3095.
5, 619
List the prime factors of 78393.
3, 7, 3733
What are the prime factors of 316?
2, 79
List the prime factors of 1592.
2, 199
List the prime factors of 944.
2, 59
List the prime factors of 1332.
2, 3, 37
What are the prime factors of 4937?
4937
What are the prime factors of 15643?
15643
What are the prime factors of 31759?
7, 13, 349
What are the prime factors of 7175?
5, 7, 41
List the prime factors of 36870.
2, 3, 5, 1229
List the prime factors of 705.
3, 5, 47
List the prime factors of 1266.
2, 3, 211
List the prime factors of 136623.
3, 45541
List the prime factors of 612.
2, 3, 17
List the prime factors of 13803.
3, 43, 107
What are the prime factors of 1020?
2, 3, 5, 17
What are the prime factors of 13092?
2, 3, 1091
What are the prime factors of 34671?
3, 7, 13, 127
List the prime factors of 326.
2, 163
What are the prime factors of 43019?
43019
What are the prime factors of 5625?
3, 5
List the prime factors of 22399.
13, 1723
What are the prime factors of 91668?
2, 3, 7639
What are the prime factors of 2318?
2, 19, 61
What are the prime factors of 932?
2, 233
List the prime factors of 30800.
2, 5, 7, 11
What are the prime factors of 15505?
5, 7, 443
What are the prime factors of 82617?
3, 27539
What are the prime factors of 2644?
2, 661
What are the prime factors of 7940?
2, 5, 397
What are the prime factors of 13001?
13001
List the prime factors of 720.
2, 3, 5
List the prime factors of 21897.
3, 811
List the prime factors of 8001.
3, 7, 127
What are the prime factors of 59035?
5, 11807
List the prime factors of 10467.
3, 1163
What are the prime factors of 10092?
2, 3, 29
List the prime factors of 142176.
2, 3, 1481
What are the prime factors of 789?
3, 263
What are the prime factors of 516?
2, 3, 43
What are the prime factors of 2066?
2, 1033
What are the prime factors of 2331?
3, 7, 37
List the prime factors of 15038.
2, 73, 103
List the prime factors of 3004.
2, 751
What are the prime factors of 47888?
2, 41, 73
List the prime factors of 21626.
2, 11, 983
List the prime factors of 19828.
2, 4957
What are the prime factors of 1314?
2, 3, 73
What are the prime factors of 37544?
2, 13, 19
List the prime factors of 502.
2, 251
List the prime factors of 1732.
2, 433
What are the prime factors of 5099?
5099
List the prime factors of 33647.
33647
List the prime factors of 17759.
7, 43, 59
List the prime factors of 96286.
2, 31, 1553
List the prime factors of 147.
3, 7
What are the prime factors of 32639?
127, 257
List the prime factors of 7135.
5, 1427
What are the prime factors of 1022?
2, 7, 73
What are the prime factors of 828?
2, 3, 23
What are the prime factors of 13522?
2, 6761
What are the prime factors of 23536?
2, 1471
What are the prime factors of 62765?
5, 12553
What are the prime factors of 4673?
4673
What are the prime factors of 109383?
3, 19, 101
List the prime factors of 67792.
2, 19, 223
What are the prime factors of 17211?
3, 5737
What are the prime factors of 1150?
2, 5, 23
List the prime factors of 4031.
29, 139
List the prime factors of 460.
2, 5, 23
What are the prime factors of 47581?
47581
What are the prime factors of 6067?
6067
List the prime factors of 964.
2, 241
List the prime factors of 34772.
2, 8693
List the prime factors of 652.
2, 163
List the prime factors of 2613.
3, 13, 67
What are the prime factors of 2293?
2293
List the prime factors of 13104.
2, 3, 7, 13
List the prime factors of 958.
2, 479
List the prime factors of 1546.
2, 773
What are the prime factors of 13951?
7, 1993
What are the prime factors of 793?
13, 61
List the prime factors of 3994.
2, 1997
List the prime factors of 3523.
13, 271
List the prime factors of 28349.
28349
List the prime factors of 4495.
5, 29, 31
List the prime factors of 4661.
59, 79
List the prime factors of 1763.
41, 43
What are the prime factors of 5053?
31, 163
List the prime factors of 22711.
13, 1747
What are the prime factors of 26714?
2, 19, 37
List the prime factors of 3470.
2, 5, 347
What are the prime factors of 5472?
2, 3, 19
List the prime factors of 1796.
2, 449
What are the prime factors of 17076?
2, 3, 1423
What are the prime factors of 2844?
2, 3, 79
List the prime factors of 54641.
101, 541
What are the prime factors of 422?
2, 211
What are the prime factors of 9289?
7, 1327
List the prime factors of 3052.
2, 7, 109
List the prime factors of 36145.
5, 7229
What are the prime factors of 77557?
77557
List the prime factors of 3260.
2, 5, 163
List the prime factors of 418.
2, 11, 19
What are the prime factors of 2162?
2, 23, 47
List the prime factors of 19611.
3, 2179
What are the prime factors of 6585?
3, 5, 439
What are the prime factors of 3112?
2, 389
List the prime factors of 796.
2, 199
What are the prime factors of 12014?
2, 6007
What are the prime factors of 28464?
2, 3, 593
List the prime factors of 10240.
2, 5
List the prime factors of 9635.
5, 41, 47
What are the prime factors of 8474?
2, 19, 223
What are the prime factors of 2183?
37, 59
What are the prime factors of 30475?
5, 23, 53
List the prime factors of 9194.
2, 4597
List the prime factors of 290.
2, 5, 29
What are the prime factors of 467?
467
List the prime factors of 42600.
2, 3, 5, 71
List the prime factors of 42993.
3, 17, 281
List the prime factors of 45879.
3, 41, 373
What are the prime factors of 25846?
2, 12923
What are the prime factors of 608?
2, 19
List the prime factors of 8000.
2, 5
What are the prime factors of 11461?
73, 157
List the prime factors of 12168.
2, 3, 13
What are the prime factors of 133027?
137, 971
List the prime factors of 23440.
2, 5, 293
What are the prime factors of 58144?
2, 23, 79
List the prime factors of 84849.
3, 28283
What are the prime factors of 7675?
5, 307
List the prime factors of 10047.
3, 17, 197
What are the prime factors of 162?
2, 3
What are the prime factors of 1093?
1093
What are the prime factors of 43743?
3, 7, 2083
What are the prime factors of 59168?
2, 43
List the prime factors of 11194.
2, 29, 193
List the prime factors of 3785.
5, 757
What are the prime factors of 10993?
10993
List the prime factors of 153.
3, 17
List the prime factors of 1733.
1733
What are the prime factors of 670?
2, 5, 67
List the prime factors of 4150.
2, 5, 83
List the prime factors of 143700.
2, 3, 5, 479
What are the prime factors of 3097?
19, 163
What are the prime factors of 60774?
2, 3, 7, 1447
What are the prime factors of 519?
3, 173
What are the prime factors of 6085?
5, 1217
What are the prime factors of 2480?
2, 5, 31
List the prime factors of 29118.
2, 3, 23, 211
List the prime factors of 2223.
3, 13, 19
List the prime factors of 778.
2, 389
List the prime factors of 84.
2, 3, 7
What are the prime factors of 575?
5, 23
What are the prime factors of 1849?
43
What are the prime factors of 5645?
5, 1129
List the prime factors of 5618.
2, 53
What are the prime factors of 4317?
3, 1439
List the prime factors of 1942.
2, 971
What are the prime factors of 550?
2, 5, 11
List the prime factors of 4891.
67, 73
What are the prime factors of 82162?
2, 41081
List the prime factors of 148.
2, 37
List the prime factors of 5309.
5309
List the prime factors of 18605.
5, 61
List